e ten millions digit of 947665864?
4
What is the hundred millions digit of 168805281?
1
What is the units digit of 253704215?
5
What is the ten thousands digit of 915072097?
7
What is the tens digit of 3649702185?
8
What is the tens digit of 348048829?
2
What is the ten millions digit of 60007845?
6
What is the tens digit of 52455375?
7
What is the ten millions digit of 2325607832?
2
What is the hundreds digit of 6283085615?
6
What is the tens digit of 1404859980?
8
What is the tens digit of 108006405?
0
What is the millions digit of 3471425468?
1
What is the ten millions digit of 213684938?
1
What is the hundred thousands digit of 169245204?
2
What is the hundred thousands digit of 857324742?
3
What is the millions digit of 1536904655?
6
What is the ten millions digit of 272194814?
7
What is the thousands digit of 122146280?
6
What is the ten thousands digit of 64798232?
9
What is the hundred thousands digit of 845171965?
1
What is the billions digit of 3480801454?
3
What is the units digit of 31690491?
1
What is the hundred thousands digit of 48876395?
8
What is the hundreds digit of 1254021728?
7
What is the units digit of 1886495700?
0
What is the hundreds digit of 184896763?
7
What is the ten millions digit of 36201232?
3
What is the hundred thousands digit of 258841353?
8
What is the hundred millions digit of 561867920?
5
What is the ten millions digit of 31481659?
3
What is the units digit of 239346781?
1
What is the thousands digit of 450767814?
7
What is the hundreds digit of 702071966?
9
What is the tens digit of 144641874?
7
What is the hundred millions digit of 210528764?
2
What is the ten thousands digit of 7211943?
1
What is the units digit of 610606220?
0
What is the hundreds digit of 85189904?
9
What is the units digit of 117170623?
3
What is the units digit of 62585171?
1
What is the thousands digit of 589020167?
0
What is the ten thousands digit of 65105833?
0
What is the millions digit of 1028202195?
8
What is the hundred thousands digit of 11717229?
7
What is the millions digit of 85731905?
5
What is the millions digit of 3333188133?
3
What is the millions digit of 128110602?
8
What is the hundred millions digit of 570688637?
5
What is the thousands digit of 37755873?
5
What is the millions digit of 59987995?
9
What is the ten thousands digit of 116163228?
6
What is the millions digit of 1356466320?
6
What is the hundreds digit of 3977481524?
5
What is the ten thousands digit of 53113625?
1
What is the hundred thousands digit of 31236411?
2
What is the thousands digit of 205937293?
7
What is the units digit of 741225725?
5
What is the tens digit of 1169056733?
3
What is the hundreds digit of 28962251?
2
What is the hundreds digit of 69831433?
4
What is the hundreds digit of 620134607?
6
What is the hundred millions digit of 177649229?
1
What is the ten thousands digit of 61059116?
5
What is the ten millions digit of 2513521652?
1
What is the hundred millions digit of 103027041?
1
What is the units digit of 421701526?
6
What is the hundred thousands digit of 16291501?
2
What is the units digit of 1026085701?
1
What is the ten millions digit of 591841180?
9
What is the hundreds digit of 249950349?
3
What is the millions digit of 67209014?
7
What is the billions digit of 2517434609?
2
What is the millions digit of 585803570?
5
What is the hundred millions digit of 1099318419?
0
What is the ten millions digit of 1198977082?
9
What is the thousands digit of 239275775?
5
What is the ten thousands digit of 623533334?
3
What is the hundred thousands digit of 4791140650?
1
What is the thousands digit of 4838679770?
9
What is the tens digit of 81874542?
4
What is the units digit of 132779597?
7
What is the tens digit of 42406812?
1
What is the hundreds digit of 8434382?
3
What is the hundred millions digit of 186623906?
1
What is the hundred millions digit of 136646958?
1
What is the ten millions digit of 857903690?
5
What is the hundreds digit of 297208611?
6
What is the millions digit of 1639646228?
9
What is the thousands digit of 66810048?
0
What is the units digit of 328215647?
7
What is the hundreds digit of 19841185?
1
What is the hundreds digit of 1461245328?
3
What is the thousands digit of 1764735563?
5
What is the thousands digit of 41878410?
8
What is the millions digit of 5102054712?
2
What is the tens digit of 29412229?
2
What is the hundred thousands digit of 436621641?
6
What is the ten millions digit of 1216132637?
1
What is the thousands digit of 34336882?
6
What is the hundreds digit of 302055922?
9
What is the units digit of 35938984?
4
What is the millions digit of 185800327?
5
What is the ten millions digit of 475231193?
7
What is the tens digit of 62892691?
9
What is the ten millions digit of 65507682?
6
What is the ten thousands digit of 9404729816?
2
What is the ten thousands digit of 226737553?
3
What is the hundreds digit of 50847532?
5
What is the millions digit of 9314867?
9
What is the units digit of 4443136304?
4
What is the ten millions digit of 21443825?
2
What is the tens digit of 24430442?
4
What is the units digit of 4248762668?
8
What is the hundred thousands digit of 52286656?
2
What is the hundred millions digit of 193006620?
1
What is the ten millions digit of 166969349?
6
What is the tens digit of 11944758?
5
What is the hundreds digit of 116931998?
9
What is the ten thousands digit of 52475337?
7
What is the tens digit of 176092511?
1
What is the hundred thousands digit of 88838812?
8
What is the millions digit of 24633287?
4
What is the thousands digit of 350242277?
2
What is the millions digit of 1223460381?
3
What is the units digit of 203087163?
3
What is the millions digit of 24392920?
4
What is the hundred thousands digit of 16286729?
2
What is the millions digit of 2168318?
2
What is the millions digit of 6304202074?
4
What is the ten millions digit of 122787871?
2
What is the thousands digit of 5870489639?
9
What is the thousands digit of 517703076?
3
What is the tens digit of 1363526909?
0
What is the hundred millions digit of 223775330?
2
What is the ten millions digit of 157721183?
5
What is the hundred thousands digit of 5564110153?
1
What is the tens digit of 2208649259?
5
What is the hundreds digit of 55933145?
1
What is the ten thousands digit of 157922759?
2
What is the units digit of 83605894?
4
What is the ten thousands digit of 43303717?
0
What is the units digit of 916920213?
3
What is the units digit of 428977356?
6
What is the hundred millions digit of 698961229?
6
What is the ten thousands digit of 633300539?
0
What is the hundreds digit of 769497340?
3
What is the tens digit of 52085325?
2
What is the ten thousands digit of 3413289355?
8
What is the thousands digit of 1398220019?
0
What is the tens digit of 19662529?
2
What is the ten millions digit of 13330888?
1
What is the ten millions digit of 36982728?
3
What is the thousands digit of 58508433?
8
What is the tens digit of 22813259?
5
What is the hundred millions digit of 1751294062?
7
What is the ten thousands digit of 1383075526?
7
What is the thousands digit of 27550251?
0
What is the thousands digit of 60324544?
4
What is the hundreds digit of 57095647?
6
What is the hundred thousands digit of 248497893?
4
What is the hundred thousands digit of 2287199491?
1
What is the hundreds digit of 574967085?
0
What is the ten millions digit of 3442923091?
4
What is the thousands digit of 139998082?
8
What is the thousands digit of 7460613?
0
What is the ten millions digit of 495365226?
9
What is the millions digit of 18643972?
8
What is the hundreds digit of 1884496964?
9
What is the thousands digit of 56706984?
6
What is the thousands digit of 310864633?
4
What is the hundred thousands digit of 1277569085?
5
What is the thousands digit of 1664075650?
5
What is the ten thousands digit of 1279158717?
5
What is the ten millions digit of 42529881?
4
What is the hundred millions digit of 829980388?
8
What is the billions digit of 5866856687?
5
What is the tens digit of 1637953577?
7
What is the millions digit of 158732260?
8
What is the thousands digit of 1513280516?
0
What is the hundreds digit of 13986155?
1
What is the ten millions digit of 73498582?
7
What is the thousands digit of 106830027?
0
What is the ten milli